- 2. Calculate u(j).
-6
Suppose 3*l + 6 = -12. Let r(m) = -6*m + 6. Let s(d) = 7*d - 7. Let f(i) = l*r(i) - 5*s(i). What is f(4)?
3
Let n(r) = 8 - 8*r + 9*r - 4*r. Give n(2).
2
Let n(q) = -14*q**2 + 2*q - 31. Let i(t) = 5*t**2 - t + 11. Let g(u) = 11*i(u) + 4*n(u). Suppose 0 = -y - 4, 5*a + 13 = -y + 4*y. What is g(a)?
-13
Let h(y) = 10 - 3*y - 4 - 2*y. Let v(i) = -i + 1. Let m = 88 + -89. Let b(p) = m*h(p) + 4*v(p). Calculate b(7).
5
Let l be (-7)/21*(-2 + -52). Suppose -5*c - 3 = -l. Let d(x) = 1 + x + 2*x**3 + 0*x**c - 5*x**2 - 4 - x**3. What is d(5)?
2
Let q be ((-2)/6)/((-2)/12). Let x(f) be the second derivative of -f**6/120 + f**5/60 + 27*f**2/2 + 13*f. Let o(u) be the first derivative of x(u). Give o(q).
-4
Suppose 0 = 5*t - 47 + 192. Let n = 22 + t. Let v = -6 - n. Let m(f) = -11*f + 1. Calculate m(v).
-10
Let q(j) = 15*j - 14. Let t be q(1). Let c(f) = 47*f + 1. Determine c(t).
48
Suppose 0 = 2*u - 3*c - 9, 4*u - 48 + 20 = -4*c. Let l(y) = 12*y - 10. Determine l(u).
62
Let s = 1039 - 1040. Let t(h) = 18*h**2 - 4*h - 3. Determine t(s).
19
Let p(o) = 6*o**2 + 2*o - 3 - 4 + 5 - 8*o**2. Give p(3).
-14
Suppose -5*i + 56 = 26. Suppose 17 + 19 = -i*u. Let k(q) = 9*q + 2. Let g(l) = 4*l + 1. Let v(n) = 14*g(n) - 6*k(n). Calculate v(u).
-10
Let m(y) = -2*y**2 + 2 + 0*y + 4*y + 1. Let d(b) = -3*b**2 + 4*b + 3. Let u be (5/(-7) - 64/224)*4. Let p(l) = u*m(l) + 3*d(l). Give p(-3).
0
Let s be (2/(-5))/((-9)/45). Let c(v) be the first derivative of v**4/4 + v**2/2 - 1. Calculate c(s).
10
Let f(n) be the second derivative of 0 + 1/2*n**4 - 1/3*n**3 - 1/2*n**2 - 32*n - 1/20*n**5. Give f(2).
11
Suppose 0 = 2*a + 3*b - 21, 54*b = -4*a + 58*b - 48. Let f(z) = 2*z**2 - 2*z + 1. Let k(r) = r**2 - r + 1. Let u(m) = f(m) - 3*k(m). Give u(a).
-14
Let k(u) = 2*u - 1. Let w(j) = -5 + 1 + 5 - j. Let a(t) = 2*k(t) + 5*w(t). Let r be a(7). Let v(m) = m**2 + 5*m + 5. What is v(r)?
1
Let f(d) = -d**3 + 2*d**2 + 3*d + 2. Suppose 0 = -t + p - 7, -5*t + 2*p = -2*p + 30. What is f(t)?
12
Let b(a) be the first derivative of a**3/3 - a**2 - 14*a - 423. What is b(0)?
-14
Let p(u) = -5*u - u + 8*u + 11 - 3*u. Calculate p(10).
1
Let c(y) be the second derivative of -y**5/20 - y**4/6 + y**3/6 - 2*y - 18. Let v(z) = z**3 + 2*z**2 + z - 1. Let j = 2 + -4. Let i be v(j). Calculate c(i).
6
Let i be 11*1/3 + (-41)/(-123). Let f(t) = i*t**2 + 3*t + t + 3*t - 3*t**2 + 5. Let y = 3 + -7. Give f(y).
-7
Suppose 3*w - 15 = -3*r, 7*r - w = 5*r + 7. Let l(s) = -2*s**2 - 2*s + 2. Determine l(r).
-38
Let c(m) = -4*m**3 - 5*m**2 + 8. Let d(n) = -1 - n**2 + n**3 + 5*n**2 - 7*n**2 + 2*n**2. Let z(f) = c(f) + 3*d(f). Calculate z(-8).
5
Let x(p) = -p**3 + 0*p + 7*p**2 - p - 4*p. Suppose -3*z + 8*z + 6*n = 66, 2*z + n - 18 = 0. Calculate x(z).
6
Let c(j) be the second derivative of -j**5/20 + j**4/4 + 5*j**2/2 + 3*j. Let g = -14 + 18. Give c(g).
-11
Let j be ((-31)/(-62))/(2/(-20)). Let x(l) = 0*l - 4*l + 7 + 0*l**2 - l**2. Determine x(j).
2
Let o(r) = -2*r**2 - 17*r - 31. Let z be o(-4). Let i(p) = p**3 - 4*p**2 - 7*p. Calculate i(z).
-10
Let j be (6/(-10))/(3/(-15)). Suppose 0*l = 4*l. Suppose j = -s + 3*x + x, 3*x + 3 = l. Let h(z) = z**2 + 5*z - 7. Give h(s).
7
Let s(z) = z**3 + 8*z**2 + 7*z + 10. Let l(f) = -4*f**2 - 8*f + 5. Let k be l(1). Give s(k).
10
Let j(r) = -r**2 + 6*r. Let y be j(4). Let o(u) = -140*u - u**2 + 75*u + 73*u + 6. Give o(y).
6
Suppose -2*d = -5*f + 39, 2*d = -4*f - d + 22. Let t(w) be the second derivative of -w**5/20 + 7*w**4/12 - 3*w**2 + 2*w. Give t(f).
-6
Let p(j) be the first derivative of j**2/2 + 26*j + 29. Determine p(-11).
15
Let m(h) be the first derivative of -1/2*h**2 - 5*h + 19. Give m(4).
-9
Let m(f) be the third derivative of f**6/120 - 7*f**5/60 - 7*f**3/6 + f**2 - 47*f. Calculate m(7).
-7
Let k(r) = 4*r**3 + 1813*r - 5*r**3 - 13*r**2 - 20 - 1801*r. Determine k(-14).
8
Let c(b) = b**3 - b**2 - b + 1. Let u(n) = -7*n**3 + n**2 + 6*n + 0 - 8 - 4*n. Let v(p) = -6*c(p) - u(p). Determine v(-2).
6
Suppose u = 42 - 44. Let m(s) = 2*s - 3. Let p be m(6). Let y be (-304)/(-72) + u/p. Let d(w) = 2*w - 5. What is d(y)?
3
Let t = 14 - -1. Suppose b - y = 4, 2*y - 13 - t = -4*b. Let x(o) be the second derivative of -o**3/3 + 2*o**2 - o. Give x(b).
-8
Let z(i) = i. Let u(c) = -2*c**3 - 11*c**2 + 13*c + 5. Let y(t) = -u(t) + 6*z(t). Let o be y(-6). Let r(q) = -9*q**3 - 2*q + 1. Determine r(o).
-10
Let f(s) = -2*s + 10. Let l = -1 + 7. Suppose 0 = -h - l*h + 49. Determine f(h).
-4
Suppose 2*u + 5*w - 36 = 0, -w + 2 = -2. Suppose -4*v + u = -8. Let d(h) be the first derivative of 3*h**2/2 - 4*h - 5. Calculate d(v).
8
Let x(l) = -l**2 + 6*l - 6. Let z = 28 + -25. Suppose -9 - 6 = -z*k. Give x(k).
-1
Suppose 10 + 41 = 17*h. Let x(k) = k**3 - 3*k**2 + k + 2. Give x(h).
5
Let q(r) = -r**3 + 24*r**2 + 50*r + 54. Let d be q(26). Let g(f) = -5*f**2 + 2*f - 3. What is g(d)?
-19
Let r(m) = -m**3 - 10*m**2 - 12*m - 16. Let p(j) = -38*j - 313. Let i be p(-8). Give r(i).
11
Let b(d) = 4*d**2 + d**3 - d**2 - 2 + 2*d + 0*d**2. Suppose -5*n = -3*n + 30. Let w be (9/(-15))/((-3)/n). What is b(w)?
-8
Let n(t) be the third derivative of -t**6/120 - 11*t**5/60 + 7*t**4/12 + 4*t**3/3 + 135*t**2. Determine n(-12).
-16
Let f be (-2)/(-2)*(-6)/((-30)/5). Let z(c) = 28*c - 2. What is z(f)?
26
Let a(v) = 23*v**2 + v + 1. Let h = -9 + 8. Let c be a(h). Suppose 5*s - 5 = 3*z, 5*z - s = -0*s - c. Let i(l) = -l**2 - 4*l. Determine i(z).
-5
Let m(n) = 4*n + 1 + 284*n**2 - 2*n - 563*n**2 + 283*n**2. What is m(-1)?
3
Let y(x) = 667*x - 666*x + 2 - 6. Determine y(-5).
-9
Let m(n) = -8012*n + n**2 + 8012*n. What is m(-1)?
1
Let b = 0 + 1. Suppose -b + 7 = -k. Let v(p) = 125 + 5*p**2 - 65 + p**3 - 7*p - 66. What is v(k)?
0
Let b(h) be the first derivative of 16*h**3/3 - h**2/2 + 44. Determine b(1).
15
Let z = 6 - 12. Let t(v) be the second derivative of -v**5/20 - 2*v**4/3 - 4*v**3/3 + 3*v**2 - 98*v - 2. What is t(z)?
-18
Let c(g) = 4*g - 5. Let h(d) = -d. Let k(w) = -9*w + 11. Let i(n) = 2*h(n) - k(n). Let t(v) = 5*c(v) - 3*i(v). Calculate t(4).
4
Suppose 0*q = -4*q + 8. Let l(c) = -q + 4*c - 5*c + 5. Let y be -1 + -2 + (-1 - -1). Give l(y).
6
Let n be -19 + 0 - (-9 + 7). Let f(d) = d**3 + 17*d**2 - 5. Give f(n).
-5
Suppose -12*q + 848 = 41*q. Let k(d) = -d**2 + 14*d - 1. What is k(q)?
-33
Let y(a) be the second derivative of a**5/20 - 7*a**4/6 + 7*a**3/3 - 11*a**2/2 + 6*a. Let u be y(13). Let h(z) = -z - 9 + 16 + z + z**u. Determine h(0).
7
Suppose 299*o - 18 = 305*o. Let q(s) = s**2 + 6*s + 6. Determine q(o).
-3
Let y(r) = r + 5. Let k be y(-3). Suppose -2*w + k = 14. Let a(n) = -n**2 - 7*n + 3. What is a(w)?
9
Let y(s) = 6 + 3 - s**3 - 2 - 2*s**2 - s + s**2 - 5. Let u be 0 + 0/(3 - 0). What is y(u)?
2
Suppose -t = 4*t. Suppose 5*l + y + 0 - 5 = t, y = 4*l - 13. Let i(p) = 69 + l*p - 69. Determine i(2).
4
Let r(n) = -n + 0*n - 12 + 10. Let p be ((-9)/3)/(-1) - -3. Let x be (-6)/(-9) + 38/p. What is r(x)?
-9
Let q(y) = -4*y**3 - 9*y**2 + 2*y. Let f(g) = 3*g**3 + 8*g**2 - g - 1. Let j(u) = 3*f(u) + 2*q(u). Suppose -70 + 28 = 7*r. Calculate j(r).
-9
Let x(v) be the first derivative of -v**4/2 + v**2/2 - 7*v - 10. Let m(r) = -r**3 + r - 6. Let f(b) = 7*m(b) - 6*x(b). What is f(1)?
6
Suppose 5*s = d - 0*d + 9, 2*d + 12 = 4*s. Let z = s + 2. Let t(w) = w - w - 2*w + z*w - 2. Determine t(3).
1
Let j(c) = -25*c - 24*c + 7 - 27*c + 73*c. Determine j(5).
-8
Let h(q) = -3*q - 4. Let g be h(-4). Let l be ((-28)/g - (-20)/5)*6. Let b(a) = -8*a - 3. Let z(r) = -23*r - 8. Let j(m) = 17*b(m) - 6*z(m). Calculate j(l).
3
Let k(x) = -1 - 130*x + x**3 + 5*x**2 + 3*x**2 + 58*x + 63*x. What is k(-9)?
-1
Let q(x) = x**3 - 4*x**2 - 6*x + 5. Let r(v) = -115 + 53 + 61 + 3*v. Let j be r(2). Determine q(j).
0
Let x(b) be the second derivative of -15*b**4/4 - b**3/2 - b**2/2 - 97*b. What is x(-1)?
-43
Suppose -2*g - 3*g + 95 = 0. Let y(i) = -i**2 + 18*i + 21. Let f be y(g). Let c(q) = 6 - 5 - q**2 - 2*q**2 + f*q**2. Determine c(-3).
-8
Let h(o) = o**2 - 5*o + 4. Let p = 25 - 21. Suppose p*a - 3*a = -2*y + 4, 3*y = 3*a + 15. What is h(y)?
-2
Let w(s) = s + 5. Suppose 10*p + 4*o = 5*p + 31, 5*o - 8 = 4*p. Let x(l) = -l - 4. Let t(m) = p*x(m) + 2*w(m). What is t(0)?
-2
Let o(h) be the third derivative of h**6/120 + h**5/60 + h